{"id":1182,"date":"2023-06-13T08:50:10","date_gmt":"2023-06-13T08:50:10","guid":{"rendered":"https:\/\/analvn.com\/?post_type=product&#038;p=1182"},"modified":"2024-02-18T14:23:22","modified_gmt":"2024-02-18T14:23:22","slug":"dung-cu-banh-chan-da-mem","status":"publish","type":"product","link":"https:\/\/analvn.com\/?product=dung-cu-banh-chan-da-mem","title":{"rendered":"D\u1ee5ng c\u1ee5 banh ch\u00e2n da m\u1ec1m"},"content":{"rendered":"","protected":false},"excerpt":{"rendered":"<p>Ch\u1ea5t li\u1ec7u: da Pu m\u1ec1m, l\u00ec, m\u1ecbn, d\u1ec5 ch\u1ecbu<br \/>\nPh\u1ea7n \u0111\u1ee1 ch\u00e2n\/c\u1ed5 c\u00f3 \u0111\u1ec7m m\u00fat m\u1ec1m b\u00ean trong<br \/>\nD\u00e2y \u0111eo c\u00f3 th\u1ec3 \u0111i\u1ec1u ch\u1ec9nh d\u00e0i\/ng\u1eafn<\/p>\n","protected":false},"featured_media":1114,"template":"","meta":[],"product_cat":[20],"product_tag":[145,128],"class_list":{"0":"post-1182","1":"product","2":"type-product","3":"status-publish","4":"has-post-thumbnail","6":"product_cat-bdsm","7":"product_tag-50-sac-thai","8":"product_tag-bdsm","10":"first","11":"instock","12":"shipping-taxable","13":"purchasable","14":"product-type-simple"},"jetpack_sharing_enabled":true,"_links":{"self":[{"href":"https:\/\/analvn.com\/index.php?rest_route=\/wp\/v2\/product\/1182","targetHints":{"allow":["GET"]}}],"collection":[{"href":"https:\/\/analvn.com\/index.php?rest_route=\/wp\/v2\/product"}],"about":[{"href":"https:\/\/analvn.com\/index.php?rest_route=\/wp\/v2\/types\/product"}],"wp:featuredmedia":[{"embeddable":true,"href":"https:\/\/analvn.com\/index.php?rest_route=\/wp\/v2\/media\/1114"}],"wp:attachment":[{"href":"https:\/\/analvn.com\/index.php?rest_route=%2Fwp%2Fv2%2Fmedia&parent=1182"}],"wp:term":[{"taxonomy":"product_cat","embeddable":true,"href":"https:\/\/analvn.com\/index.php?rest_route=%2Fwp%2Fv2%2Fproduct_cat&post=1182"},{"taxonomy":"product_tag","embeddable":true,"href":"https:\/\/analvn.com\/index.php?rest_route=%2Fwp%2Fv2%2Fproduct_tag&post=1182"}],"curies":[{"name":"wp","href":"https:\/\/api.w.org\/{rel}","templated":true}]}}