{"id":1192,"date":"2023-06-13T09:12:52","date_gmt":"2023-06-13T09:12:52","guid":{"rendered":"https:\/\/analvn.com\/?post_type=product&#038;p=1192"},"modified":"2024-02-18T14:22:14","modified_gmt":"2024-02-18T14:22:14","slug":"cong-tay-noi-phich-cam-hau-mon","status":"publish","type":"product","link":"https:\/\/analvn.com\/?product=cong-tay-noi-phich-cam-hau-mon","title":{"rendered":"C\u00f2ng tay n\u1ed1i ph\u00edch c\u1eafm h\u1eadu m\u00f4n"},"content":{"rendered":"","protected":false},"excerpt":{"rendered":"<p>C\u00f2ng tay kim lo\u1ea1i nh\u1eb9, c\u00f3 ch\u00eca kh\u00f3a<br \/>\nPh\u00edch c\u1eafm k\u00edch th\u01b0\u1edbc 2.8cm &#8211; ph\u00f9 h\u1ee3p v\u1edbi ng\u01b0\u1eddi m\u1edbi ch\u01a1i<br \/>\nCh\u1ea5t li\u1ec7u kim lo\u1ea1i kh\u00f4ng g\u1ec9<\/p>\n","protected":false},"featured_media":1074,"template":"","meta":[],"product_cat":[19,20,163,164],"product_tag":[145,51,128,54,127,52],"class_list":{"0":"post-1192","1":"product","2":"type-product","3":"status-publish","4":"has-post-thumbnail","6":"product_cat-anal","7":"product_cat-bdsm","8":"product_cat-anal-small","9":"product_cat-anal-medium","10":"product_tag-50-sac-thai","11":"product_tag-anal","12":"product_tag-bdsm","13":"product_tag-butt-plug","14":"product_tag-handcuff","15":"product_tag-hau-mon","17":"first","18":"instock","19":"shipping-taxable","20":"purchasable","21":"product-type-simple"},"jetpack_sharing_enabled":true,"_links":{"self":[{"href":"https:\/\/analvn.com\/index.php?rest_route=\/wp\/v2\/product\/1192","targetHints":{"allow":["GET"]}}],"collection":[{"href":"https:\/\/analvn.com\/index.php?rest_route=\/wp\/v2\/product"}],"about":[{"href":"https:\/\/analvn.com\/index.php?rest_route=\/wp\/v2\/types\/product"}],"wp:featuredmedia":[{"embeddable":true,"href":"https:\/\/analvn.com\/index.php?rest_route=\/wp\/v2\/media\/1074"}],"wp:attachment":[{"href":"https:\/\/analvn.com\/index.php?rest_route=%2Fwp%2Fv2%2Fmedia&parent=1192"}],"wp:term":[{"taxonomy":"product_cat","embeddable":true,"href":"https:\/\/analvn.com\/index.php?rest_route=%2Fwp%2Fv2%2Fproduct_cat&post=1192"},{"taxonomy":"product_tag","embeddable":true,"href":"https:\/\/analvn.com\/index.php?rest_route=%2Fwp%2Fv2%2Fproduct_tag&post=1192"}],"curies":[{"name":"wp","href":"https:\/\/api.w.org\/{rel}","templated":true}]}}