{"id":1243,"date":"2023-07-12T09:40:20","date_gmt":"2023-07-12T09:40:20","guid":{"rendered":"https:\/\/analvn.com\/?post_type=product&#038;p=1243"},"modified":"2024-02-18T14:20:12","modified_gmt":"2024-02-18T14:20:12","slug":"bo-duoi-cao-xam-trang-kem-tai","status":"publish","type":"product","link":"https:\/\/analvn.com\/?product=bo-duoi-cao-xam-trang-kem-tai","title":{"rendered":"B\u1ed9 \u0111u\u00f4i c\u00e1o x\u00e1m tr\u1eafng k\u00e8m tai"},"content":{"rendered":"<p><img loading=\"lazy\" decoding=\"async\" class=\"alignnone size-medium wp-image-1244\" src=\"https:\/\/analvn.com\/wp-content\/uploads\/2023\/07\/12932427400_1721519149-300x300.jpg\" alt=\"\" width=\"300\" height=\"300\" srcset=\"https:\/\/analvn.com\/wp-content\/uploads\/2023\/07\/12932427400_1721519149-300x300.jpg 300w, https:\/\/analvn.com\/wp-content\/uploads\/2023\/07\/12932427400_1721519149-150x150.jpg 150w, https:\/\/analvn.com\/wp-content\/uploads\/2023\/07\/12932427400_1721519149-768x768.jpg 768w, https:\/\/analvn.com\/wp-content\/uploads\/2023\/07\/12932427400_1721519149-600x600.jpg 600w, https:\/\/analvn.com\/wp-content\/uploads\/2023\/07\/12932427400_1721519149-100x100.jpg 100w, https:\/\/analvn.com\/wp-content\/uploads\/2023\/07\/12932427400_1721519149-50x50.jpg 50w, https:\/\/analvn.com\/wp-content\/uploads\/2023\/07\/12932427400_1721519149.jpg 800w\" sizes=\"auto, (max-width: 300px) 100vw, 300px\" \/> <img loading=\"lazy\" decoding=\"async\" class=\"alignnone size-medium wp-image-1245\" src=\"https:\/\/analvn.com\/wp-content\/uploads\/2023\/07\/11753214020_1721519149-300x300.jpg\" alt=\"\" width=\"300\" height=\"300\" srcset=\"https:\/\/analvn.com\/wp-content\/uploads\/2023\/07\/11753214020_1721519149-300x300.jpg 300w, https:\/\/analvn.com\/wp-content\/uploads\/2023\/07\/11753214020_1721519149-150x150.jpg 150w, https:\/\/analvn.com\/wp-content\/uploads\/2023\/07\/11753214020_1721519149-768x768.jpg 768w, https:\/\/analvn.com\/wp-content\/uploads\/2023\/07\/11753214020_1721519149-600x600.jpg 600w, https:\/\/analvn.com\/wp-content\/uploads\/2023\/07\/11753214020_1721519149-100x100.jpg 100w, https:\/\/analvn.com\/wp-content\/uploads\/2023\/07\/11753214020_1721519149-50x50.jpg 50w, https:\/\/analvn.com\/wp-content\/uploads\/2023\/07\/11753214020_1721519149.jpg 800w\" sizes=\"auto, (max-width: 300px) 100vw, 300px\" \/> <img loading=\"lazy\" decoding=\"async\" class=\"alignnone size-medium wp-image-1246\" src=\"https:\/\/analvn.com\/wp-content\/uploads\/2023\/07\/11821592140_1721519149-300x300.jpg\" alt=\"\" width=\"300\" height=\"300\" srcset=\"https:\/\/analvn.com\/wp-content\/uploads\/2023\/07\/11821592140_1721519149-300x300.jpg 300w, https:\/\/analvn.com\/wp-content\/uploads\/2023\/07\/11821592140_1721519149-150x150.jpg 150w, https:\/\/analvn.com\/wp-content\/uploads\/2023\/07\/11821592140_1721519149-768x768.jpg 768w, https:\/\/analvn.com\/wp-content\/uploads\/2023\/07\/11821592140_1721519149-600x600.jpg 600w, https:\/\/analvn.com\/wp-content\/uploads\/2023\/07\/11821592140_1721519149-100x100.jpg 100w, https:\/\/analvn.com\/wp-content\/uploads\/2023\/07\/11821592140_1721519149-50x50.jpg 50w, https:\/\/analvn.com\/wp-content\/uploads\/2023\/07\/11821592140_1721519149.jpg 800w\" sizes=\"auto, (max-width: 300px) 100vw, 300px\" \/> <img loading=\"lazy\" decoding=\"async\" class=\"alignnone size-medium wp-image-1247\" src=\"https:\/\/analvn.com\/wp-content\/uploads\/2023\/07\/12970429115_1721519149-300x300.jpg\" alt=\"\" width=\"300\" height=\"300\" srcset=\"https:\/\/analvn.com\/wp-content\/uploads\/2023\/07\/12970429115_1721519149-300x300.jpg 300w, https:\/\/analvn.com\/wp-content\/uploads\/2023\/07\/12970429115_1721519149-150x150.jpg 150w, https:\/\/analvn.com\/wp-content\/uploads\/2023\/07\/12970429115_1721519149-768x768.jpg 768w, https:\/\/analvn.com\/wp-content\/uploads\/2023\/07\/12970429115_1721519149-600x600.jpg 600w, https:\/\/analvn.com\/wp-content\/uploads\/2023\/07\/12970429115_1721519149-100x100.jpg 100w, https:\/\/analvn.com\/wp-content\/uploads\/2023\/07\/12970429115_1721519149-50x50.jpg 50w, https:\/\/analvn.com\/wp-content\/uploads\/2023\/07\/12970429115_1721519149.jpg 800w\" sizes=\"auto, (max-width: 300px) 100vw, 300px\" \/><\/p>\n","protected":false},"excerpt":{"rendered":"<p>\u0110u\u00f4i c\u00e1o \u0111\u1ea7u c\u1eafm 2.8cm<br \/>\nChi\u1ec1u d\u00e0i \u0111u\u00f4i 40cm<br \/>\nTai c\u00e1o c\u00f9ng m\u00e0u<\/p>\n","protected":false},"featured_media":1247,"template":"","meta":[],"product_cat":[19,163,167],"product_tag":[51,54,82,81,52,55,53],"class_list":{"0":"post-1243","1":"product","2":"type-product","3":"status-publish","4":"has-post-thumbnail","6":"product_cat-anal","7":"product_cat-anal-small","8":"product_cat-anal-tail","9":"product_tag-anal","10":"product_tag-butt-plug","11":"product_tag-duoi-cao","12":"product_tag-fox-tail","13":"product_tag-hau-mon","14":"product_tag-phich-cam","15":"product_tag-plug-in","17":"first","18":"instock","19":"shipping-taxable","20":"purchasable","21":"product-type-simple"},"jetpack_sharing_enabled":true,"_links":{"self":[{"href":"https:\/\/analvn.com\/index.php?rest_route=\/wp\/v2\/product\/1243","targetHints":{"allow":["GET"]}}],"collection":[{"href":"https:\/\/analvn.com\/index.php?rest_route=\/wp\/v2\/product"}],"about":[{"href":"https:\/\/analvn.com\/index.php?rest_route=\/wp\/v2\/types\/product"}],"wp:featuredmedia":[{"embeddable":true,"href":"https:\/\/analvn.com\/index.php?rest_route=\/wp\/v2\/media\/1247"}],"wp:attachment":[{"href":"https:\/\/analvn.com\/index.php?rest_route=%2Fwp%2Fv2%2Fmedia&parent=1243"}],"wp:term":[{"taxonomy":"product_cat","embeddable":true,"href":"https:\/\/analvn.com\/index.php?rest_route=%2Fwp%2Fv2%2Fproduct_cat&post=1243"},{"taxonomy":"product_tag","embeddable":true,"href":"https:\/\/analvn.com\/index.php?rest_route=%2Fwp%2Fv2%2Fproduct_tag&post=1243"}],"curies":[{"name":"wp","href":"https:\/\/api.w.org\/{rel}","templated":true}]}}