{"id":1392,"date":"2023-09-09T04:28:22","date_gmt":"2023-09-09T04:28:22","guid":{"rendered":"https:\/\/analvn.com\/?post_type=product&#038;p=1392"},"modified":"2024-02-18T14:21:07","modified_gmt":"2024-02-18T14:21:07","slug":"chay-rung-nho-ma-co-vo","status":"publish","type":"product","link":"https:\/\/analvn.com\/?product=chay-rung-nho-ma-co-vo","title":{"rendered":"Ch\u00e0y rung nh\u1ecf m\u00e0 c\u00f3 v\u00f5"},"content":{"rendered":"<p><img loading=\"lazy\" decoding=\"async\" class=\"alignnone size-medium wp-image-1344\" src=\"https:\/\/analvn.com\/wp-content\/uploads\/2023\/08\/O1CN01SBlYXH29JZsrPTNEM_2200718668047-0-cib-300x300.jpg\" alt=\"\" width=\"300\" height=\"300\" srcset=\"https:\/\/analvn.com\/wp-content\/uploads\/2023\/08\/O1CN01SBlYXH29JZsrPTNEM_2200718668047-0-cib-300x300.jpg 300w, https:\/\/analvn.com\/wp-content\/uploads\/2023\/08\/O1CN01SBlYXH29JZsrPTNEM_2200718668047-0-cib-150x150.jpg 150w, https:\/\/analvn.com\/wp-content\/uploads\/2023\/08\/O1CN01SBlYXH29JZsrPTNEM_2200718668047-0-cib-768x768.jpg 768w, https:\/\/analvn.com\/wp-content\/uploads\/2023\/08\/O1CN01SBlYXH29JZsrPTNEM_2200718668047-0-cib-600x600.jpg 600w, https:\/\/analvn.com\/wp-content\/uploads\/2023\/08\/O1CN01SBlYXH29JZsrPTNEM_2200718668047-0-cib-100x100.jpg 100w, https:\/\/analvn.com\/wp-content\/uploads\/2023\/08\/O1CN01SBlYXH29JZsrPTNEM_2200718668047-0-cib-50x50.jpg 50w, https:\/\/analvn.com\/wp-content\/uploads\/2023\/08\/O1CN01SBlYXH29JZsrPTNEM_2200718668047-0-cib.jpg 800w\" sizes=\"auto, (max-width: 300px) 100vw, 300px\" \/> <img loading=\"lazy\" decoding=\"async\" class=\"alignnone size-medium wp-image-1343\" src=\"https:\/\/analvn.com\/wp-content\/uploads\/2023\/08\/O1CN01b1ZriB29JZspjeWVG_2200718668047-0-cib-296x300.jpg\" alt=\"\" width=\"296\" height=\"300\" srcset=\"https:\/\/analvn.com\/wp-content\/uploads\/2023\/08\/O1CN01b1ZriB29JZspjeWVG_2200718668047-0-cib-296x300.jpg 296w, https:\/\/analvn.com\/wp-content\/uploads\/2023\/08\/O1CN01b1ZriB29JZspjeWVG_2200718668047-0-cib-768x778.jpg 768w, https:\/\/analvn.com\/wp-content\/uploads\/2023\/08\/O1CN01b1ZriB29JZspjeWVG_2200718668047-0-cib-600x608.jpg 600w, https:\/\/analvn.com\/wp-content\/uploads\/2023\/08\/O1CN01b1ZriB29JZspjeWVG_2200718668047-0-cib-100x100.jpg 100w, https:\/\/analvn.com\/wp-content\/uploads\/2023\/08\/O1CN01b1ZriB29JZspjeWVG_2200718668047-0-cib-50x50.jpg 50w, https:\/\/analvn.com\/wp-content\/uploads\/2023\/08\/O1CN01b1ZriB29JZspjeWVG_2200718668047-0-cib.jpg 800w\" sizes=\"auto, (max-width: 296px) 100vw, 296px\" \/> <img loading=\"lazy\" decoding=\"async\" class=\"alignnone size-medium wp-image-1342\" src=\"https:\/\/analvn.com\/wp-content\/uploads\/2023\/08\/O1CN01BepPeR29JZsonXLaf_2200718668047-0-cib-283x300.jpg\" alt=\"\" width=\"283\" height=\"300\" srcset=\"https:\/\/analvn.com\/wp-content\/uploads\/2023\/08\/O1CN01BepPeR29JZsonXLaf_2200718668047-0-cib-283x300.jpg 283w, https:\/\/analvn.com\/wp-content\/uploads\/2023\/08\/O1CN01BepPeR29JZsonXLaf_2200718668047-0-cib-768x815.jpg 768w, https:\/\/analvn.com\/wp-content\/uploads\/2023\/08\/O1CN01BepPeR29JZsonXLaf_2200718668047-0-cib-600x637.jpg 600w, https:\/\/analvn.com\/wp-content\/uploads\/2023\/08\/O1CN01BepPeR29JZsonXLaf_2200718668047-0-cib.jpg 800w\" sizes=\"auto, (max-width: 283px) 100vw, 283px\" \/> <img loading=\"lazy\" decoding=\"async\" class=\"alignnone size-medium wp-image-1341\" src=\"https:\/\/analvn.com\/wp-content\/uploads\/2023\/08\/O1CN015Kw7fN29JZsonYQJ9_2200718668047-0-cib-300x222.jpg\" alt=\"\" width=\"300\" height=\"222\" srcset=\"https:\/\/analvn.com\/wp-content\/uploads\/2023\/08\/O1CN015Kw7fN29JZsonYQJ9_2200718668047-0-cib-300x222.jpg 300w, https:\/\/analvn.com\/wp-content\/uploads\/2023\/08\/O1CN015Kw7fN29JZsonYQJ9_2200718668047-0-cib-768x570.jpg 768w, https:\/\/analvn.com\/wp-content\/uploads\/2023\/08\/O1CN015Kw7fN29JZsonYQJ9_2200718668047-0-cib-600x443.jpg 600w, https:\/\/analvn.com\/wp-content\/uploads\/2023\/08\/O1CN015Kw7fN29JZsonYQJ9_2200718668047-0-cib.jpg 800w\" sizes=\"auto, (max-width: 300px) 100vw, 300px\" \/> <img loading=\"lazy\" decoding=\"async\" class=\"alignnone size-medium wp-image-1339\" src=\"https:\/\/analvn.com\/wp-content\/uploads\/2023\/08\/O1CN01iqcnj029JZso8aznG_2200718668047-0-cib-300x293.jpg\" alt=\"\" width=\"300\" height=\"293\" srcset=\"https:\/\/analvn.com\/wp-content\/uploads\/2023\/08\/O1CN01iqcnj029JZso8aznG_2200718668047-0-cib-300x293.jpg 300w, https:\/\/analvn.com\/wp-content\/uploads\/2023\/08\/O1CN01iqcnj029JZso8aznG_2200718668047-0-cib-768x751.jpg 768w, https:\/\/analvn.com\/wp-content\/uploads\/2023\/08\/O1CN01iqcnj029JZso8aznG_2200718668047-0-cib-600x587.jpg 600w, https:\/\/analvn.com\/wp-content\/uploads\/2023\/08\/O1CN01iqcnj029JZso8aznG_2200718668047-0-cib-50x50.jpg 50w, https:\/\/analvn.com\/wp-content\/uploads\/2023\/08\/O1CN01iqcnj029JZso8aznG_2200718668047-0-cib.jpg 800w\" sizes=\"auto, (max-width: 300px) 100vw, 300px\" \/> <img loading=\"lazy\" decoding=\"async\" class=\"alignnone size-medium wp-image-1338\" src=\"https:\/\/analvn.com\/wp-content\/uploads\/2023\/08\/O1CN01c9ggUA29JZseiiEvd_2200718668047-0-cib-300x185.jpg\" alt=\"\" width=\"300\" height=\"185\" srcset=\"https:\/\/analvn.com\/wp-content\/uploads\/2023\/08\/O1CN01c9ggUA29JZseiiEvd_2200718668047-0-cib-300x185.jpg 300w, https:\/\/analvn.com\/wp-content\/uploads\/2023\/08\/O1CN01c9ggUA29JZseiiEvd_2200718668047-0-cib-768x472.jpg 768w, https:\/\/analvn.com\/wp-content\/uploads\/2023\/08\/O1CN01c9ggUA29JZseiiEvd_2200718668047-0-cib-600x369.jpg 600w, https:\/\/analvn.com\/wp-content\/uploads\/2023\/08\/O1CN01c9ggUA29JZseiiEvd_2200718668047-0-cib.jpg 800w\" sizes=\"auto, (max-width: 300px) 100vw, 300px\" \/> <img loading=\"lazy\" decoding=\"async\" class=\"alignnone size-medium wp-image-1337\" src=\"https:\/\/analvn.com\/wp-content\/uploads\/2023\/08\/O1CN01Hl5TO129JZso8cXYE_2200718668047-0-cib-300x291.jpg\" alt=\"\" width=\"300\" height=\"291\" srcset=\"https:\/\/analvn.com\/wp-content\/uploads\/2023\/08\/O1CN01Hl5TO129JZso8cXYE_2200718668047-0-cib-300x291.jpg 300w, https:\/\/analvn.com\/wp-content\/uploads\/2023\/08\/O1CN01Hl5TO129JZso8cXYE_2200718668047-0-cib-768x744.jpg 768w, https:\/\/analvn.com\/wp-content\/uploads\/2023\/08\/O1CN01Hl5TO129JZso8cXYE_2200718668047-0-cib-600x581.jpg 600w, https:\/\/analvn.com\/wp-content\/uploads\/2023\/08\/O1CN01Hl5TO129JZso8cXYE_2200718668047-0-cib-50x50.jpg 50w, https:\/\/analvn.com\/wp-content\/uploads\/2023\/08\/O1CN01Hl5TO129JZso8cXYE_2200718668047-0-cib.jpg 800w\" sizes=\"auto, (max-width: 300px) 100vw, 300px\" \/><\/p>\n","protected":false},"excerpt":{"rendered":"<p>Ch\u00e0y si\u00eau nh\u1ecf<br \/>\n20 ch\u1ebf \u0111\u1ed9 rung<br \/>\nS\u1ea1c \u0111i\u1ec7n<\/p>\n","protected":false},"featured_media":1339,"template":"","meta":[],"product_cat":[21,176],"product_tag":[149,74],"class_list":{"0":"post-1392","1":"product","2":"type-product","3":"status-publish","4":"has-post-thumbnail","6":"product_cat-chay-rung","7":"product_cat-do-choi-cho-chi-em","8":"product_tag-chay-rung","9":"product_tag-massage","11":"first","12":"instock","13":"shipping-taxable","14":"purchasable","15":"product-type-variable"},"jetpack_sharing_enabled":true,"_links":{"self":[{"href":"https:\/\/analvn.com\/index.php?rest_route=\/wp\/v2\/product\/1392","targetHints":{"allow":["GET"]}}],"collection":[{"href":"https:\/\/analvn.com\/index.php?rest_route=\/wp\/v2\/product"}],"about":[{"href":"https:\/\/analvn.com\/index.php?rest_route=\/wp\/v2\/types\/product"}],"wp:featuredmedia":[{"embeddable":true,"href":"https:\/\/analvn.com\/index.php?rest_route=\/wp\/v2\/media\/1339"}],"wp:attachment":[{"href":"https:\/\/analvn.com\/index.php?rest_route=%2Fwp%2Fv2%2Fmedia&parent=1392"}],"wp:term":[{"taxonomy":"product_cat","embeddable":true,"href":"https:\/\/analvn.com\/index.php?rest_route=%2Fwp%2Fv2%2Fproduct_cat&post=1392"},{"taxonomy":"product_tag","embeddable":true,"href":"https:\/\/analvn.com\/index.php?rest_route=%2Fwp%2Fv2%2Fproduct_tag&post=1392"}],"curies":[{"name":"wp","href":"https:\/\/api.w.org\/{rel}","templated":true}]}}