{"id":1426,"date":"2023-09-09T05:45:18","date_gmt":"2023-09-09T05:45:18","guid":{"rendered":"https:\/\/analvn.com\/?post_type=product&#038;p=1426"},"modified":"2024-02-18T14:17:04","modified_gmt":"2024-02-18T14:17:04","slug":"chay-rung-leten-cao-cap","status":"publish","type":"product","link":"https:\/\/analvn.com\/?product=chay-rung-leten-cao-cap","title":{"rendered":"Ch\u00e0y rung Leten lighting cao c\u1ea5p"},"content":{"rendered":"","protected":false},"excerpt":{"rendered":"<div><big>H\u00e3ng s\u1ea3n xu\u1ea5t : Leten<\/big><\/div>\n<div><big>K\u00edch th\u01b0\u1edbc: D\u00e0i 275 mm<\/big><\/div>\n<div><big>B\u00e1n k\u00ednh \u0111\u1ea7u: 55 mm<\/big><\/div>\n<div><big>Ch\u1ea5t li\u1ec7u: Nh\u1ef1a ABS<\/big><\/div>\n<div><big>Ch\u1ebf \u0111\u1ed9 rung : 06 ch\u1ebf \u0111\u1ed9<\/big><\/div>\n<div><big>Rung : 02 \u0111\u1ea7u<\/big><\/div>\n<div><big>Ngu\u1ed3n pin: S\u1ea1c USB<\/big><\/div>\n","protected":false},"featured_media":1414,"template":"","meta":[],"product_cat":[21,176],"product_tag":[],"class_list":{"0":"post-1426","1":"product","2":"type-product","3":"status-publish","4":"has-post-thumbnail","6":"product_cat-chay-rung","7":"product_cat-do-choi-cho-chi-em","9":"first","10":"instock","11":"shipping-taxable","12":"purchasable","13":"product-type-simple"},"jetpack_sharing_enabled":true,"_links":{"self":[{"href":"https:\/\/analvn.com\/index.php?rest_route=\/wp\/v2\/product\/1426","targetHints":{"allow":["GET"]}}],"collection":[{"href":"https:\/\/analvn.com\/index.php?rest_route=\/wp\/v2\/product"}],"about":[{"href":"https:\/\/analvn.com\/index.php?rest_route=\/wp\/v2\/types\/product"}],"wp:featuredmedia":[{"embeddable":true,"href":"https:\/\/analvn.com\/index.php?rest_route=\/wp\/v2\/media\/1414"}],"wp:attachment":[{"href":"https:\/\/analvn.com\/index.php?rest_route=%2Fwp%2Fv2%2Fmedia&parent=1426"}],"wp:term":[{"taxonomy":"product_cat","embeddable":true,"href":"https:\/\/analvn.com\/index.php?rest_route=%2Fwp%2Fv2%2Fproduct_cat&post=1426"},{"taxonomy":"product_tag","embeddable":true,"href":"https:\/\/analvn.com\/index.php?rest_route=%2Fwp%2Fv2%2Fproduct_tag&post=1426"}],"curies":[{"name":"wp","href":"https:\/\/api.w.org\/{rel}","templated":true}]}}