{"id":1897,"date":"2024-02-12T05:39:17","date_gmt":"2024-02-12T05:39:17","guid":{"rendered":"https:\/\/analvn.com\/?post_type=product&#038;p=1897"},"modified":"2024-02-18T13:42:07","modified_gmt":"2024-02-18T13:42:07","slug":"thanh","status":"publish","type":"product","link":"https:\/\/analvn.com\/?product=thanh","title":{"rendered":"Chu\u1ed7i h\u1ea1t nh\u1ef1a d\u1ebbo ch\u01a1i h\u1eadu m\u00f4n lo\u1ea1i d\u00e0i"},"content":{"rendered":"","protected":false},"excerpt":{"rendered":"<p>Ch\u1ea5t li\u1ec7u: nh\u1ef1a PVC, r\u1ea5t m\u1ec1m d\u1ebbo, dai \u0111anh, u\u1ed1n cong v\u00e0 \u0111\u00e0n h\u1ed3i t\u1ed1t<br \/>\nK\u00edch th\u01b0\u1edbc: d\u00e0i 50cm x \u0111\u01b0\u1eddng k\u00ednh h\u1ea1t ch\u1ed7 l\u1edbn nh\u1ea5t 3.7cm<\/p>\n","protected":false},"featured_media":1793,"template":"","meta":[],"product_cat":[19,165],"product_tag":[51,88,54,66,53],"class_list":{"0":"post-1897","1":"product","2":"type-product","3":"status-publish","4":"has-post-thumbnail","6":"product_cat-anal","7":"product_cat-anal-big","8":"product_tag-anal","9":"product_tag-big-size","10":"product_tag-butt-plug","11":"product_tag-chuoi-hat","12":"product_tag-plug-in","14":"first","15":"instock","16":"shipping-taxable","17":"purchasable","18":"product-type-variable"},"jetpack_sharing_enabled":true,"_links":{"self":[{"href":"https:\/\/analvn.com\/index.php?rest_route=\/wp\/v2\/product\/1897","targetHints":{"allow":["GET"]}}],"collection":[{"href":"https:\/\/analvn.com\/index.php?rest_route=\/wp\/v2\/product"}],"about":[{"href":"https:\/\/analvn.com\/index.php?rest_route=\/wp\/v2\/types\/product"}],"wp:featuredmedia":[{"embeddable":true,"href":"https:\/\/analvn.com\/index.php?rest_route=\/wp\/v2\/media\/1793"}],"wp:attachment":[{"href":"https:\/\/analvn.com\/index.php?rest_route=%2Fwp%2Fv2%2Fmedia&parent=1897"}],"wp:term":[{"taxonomy":"product_cat","embeddable":true,"href":"https:\/\/analvn.com\/index.php?rest_route=%2Fwp%2Fv2%2Fproduct_cat&post=1897"},{"taxonomy":"product_tag","embeddable":true,"href":"https:\/\/analvn.com\/index.php?rest_route=%2Fwp%2Fv2%2Fproduct_tag&post=1897"}],"curies":[{"name":"wp","href":"https:\/\/api.w.org\/{rel}","templated":true}]}}