{"id":2107,"date":"2024-02-16T12:04:15","date_gmt":"2024-02-16T12:04:15","guid":{"rendered":"https:\/\/analvn.com\/?post_type=product&#038;p=2107"},"modified":"2024-02-18T13:39:52","modified_gmt":"2024-02-18T13:39:52","slug":"may-rung-thut-2-dau-fox-phat-nhiet","status":"publish","type":"product","link":"https:\/\/analvn.com\/?product=may-rung-thut-2-dau-fox-phat-nhiet","title":{"rendered":"M\u00e1y rung th\u1ee5t 2 \u0111\u1ea7u FOX ph\u00e1t nhi\u1ec7t"},"content":{"rendered":"","protected":false},"excerpt":{"rendered":"<p>H\u00e0ng ch\u00ednh h\u00e3ng FOX<br \/>\n\u0110\u1ea7u nh\u1ecf 10 ch\u1ebf \u0111\u1ed9<br \/>\n\u0110\u1ea7u l\u1edbn th\u1ee5t c\u00f3 th\u1ec3 \u0111i\u1ec1u ch\u1ec9nh t\u1ed1c \u0111\u1ed9<br \/>\nC\u00f3 ph\u00e1t nhi\u1ec7t<\/p>\n","protected":false},"featured_media":1987,"template":"","meta":[],"product_cat":[176,162,175],"product_tag":[96,74,72],"class_list":{"0":"post-2107","1":"product","2":"type-product","3":"status-publish","4":"has-post-thumbnail","6":"product_cat-do-choi-cho-chi-em","7":"product_cat-duong-vat-gia","8":"product_cat-may-rung","9":"product_tag-duong-vat-gia","10":"product_tag-massage","11":"product_tag-may-rung","13":"first","14":"instock","15":"shipping-taxable","16":"purchasable","17":"product-type-simple"},"jetpack_sharing_enabled":true,"_links":{"self":[{"href":"https:\/\/analvn.com\/index.php?rest_route=\/wp\/v2\/product\/2107","targetHints":{"allow":["GET"]}}],"collection":[{"href":"https:\/\/analvn.com\/index.php?rest_route=\/wp\/v2\/product"}],"about":[{"href":"https:\/\/analvn.com\/index.php?rest_route=\/wp\/v2\/types\/product"}],"wp:featuredmedia":[{"embeddable":true,"href":"https:\/\/analvn.com\/index.php?rest_route=\/wp\/v2\/media\/1987"}],"wp:attachment":[{"href":"https:\/\/analvn.com\/index.php?rest_route=%2Fwp%2Fv2%2Fmedia&parent=2107"}],"wp:term":[{"taxonomy":"product_cat","embeddable":true,"href":"https:\/\/analvn.com\/index.php?rest_route=%2Fwp%2Fv2%2Fproduct_cat&post=2107"},{"taxonomy":"product_tag","embeddable":true,"href":"https:\/\/analvn.com\/index.php?rest_route=%2Fwp%2Fv2%2Fproduct_tag&post=2107"}],"curies":[{"name":"wp","href":"https:\/\/api.w.org\/{rel}","templated":true}]}}