{"id":2160,"date":"2024-02-17T14:33:28","date_gmt":"2024-02-17T14:33:28","guid":{"rendered":"https:\/\/analvn.com\/?post_type=product&#038;p=2160"},"modified":"2024-04-20T02:24:47","modified_gmt":"2024-04-20T02:24:47","slug":"duong-6","status":"publish","type":"product","link":"https:\/\/analvn.com\/?product=duong-6","title":{"rendered":"D\u01b0\u01a1ng v\u1eadt gi\u1ea3 silica b\u1eafn tinh nhi\u1ec1u m\u00e0u"},"content":{"rendered":"","protected":false},"excerpt":{"rendered":"<p>Ch\u1ea5t li\u1ec7u: gel silica cao c\u1ea5p, m\u1ec1m d\u1ebbo, \u00eam m\u1ecbn<br \/>\n\u0110\u1eb7c \u0111i\u1ec3m th\u00fa v\u1ecb c\u1ee7a m\u1eabu n\u00e0y l\u00e0 c\u00f3 b\u01a1m x\u1ecbt n\u01b0\u1edbc, ho\u1eb7c c\u00f3 th\u1ec3 b\u01a1m gel tinh tr\u00f9ng \u0111\u1ec3 x\u1ecbt tr\u00f4ng r\u1ea5t th\u00edch m\u1eaft<br \/>\nK\u00edch th\u01b0\u1edbc: l\u1edbn<br \/>\nC\u00f3 \u0111\u1ebf h\u00edt ch\u1eafc ch\u1eafn<\/p>\n","protected":false},"featured_media":2044,"template":"","meta":[],"product_cat":[174,176,162],"product_tag":[96],"class_list":{"0":"post-2160","1":"product","2":"type-product","3":"status-publish","4":"has-post-thumbnail","6":"product_cat-co-lon","7":"product_cat-do-choi-cho-chi-em","8":"product_cat-duong-vat-gia","9":"product_tag-duong-vat-gia","11":"first","12":"instock","13":"shipping-taxable","14":"purchasable","15":"product-type-variable"},"jetpack_sharing_enabled":true,"_links":{"self":[{"href":"https:\/\/analvn.com\/index.php?rest_route=\/wp\/v2\/product\/2160","targetHints":{"allow":["GET"]}}],"collection":[{"href":"https:\/\/analvn.com\/index.php?rest_route=\/wp\/v2\/product"}],"about":[{"href":"https:\/\/analvn.com\/index.php?rest_route=\/wp\/v2\/types\/product"}],"wp:featuredmedia":[{"embeddable":true,"href":"https:\/\/analvn.com\/index.php?rest_route=\/wp\/v2\/media\/2044"}],"wp:attachment":[{"href":"https:\/\/analvn.com\/index.php?rest_route=%2Fwp%2Fv2%2Fmedia&parent=2160"}],"wp:term":[{"taxonomy":"product_cat","embeddable":true,"href":"https:\/\/analvn.com\/index.php?rest_route=%2Fwp%2Fv2%2Fproduct_cat&post=2160"},{"taxonomy":"product_tag","embeddable":true,"href":"https:\/\/analvn.com\/index.php?rest_route=%2Fwp%2Fv2%2Fproduct_tag&post=2160"}],"curies":[{"name":"wp","href":"https:\/\/api.w.org\/{rel}","templated":true}]}}