{"id":2388,"date":"2024-02-20T04:38:11","date_gmt":"2024-02-20T04:38:11","guid":{"rendered":"https:\/\/analvn.com\/?post_type=product&#038;p=2388"},"modified":"2024-02-20T04:38:12","modified_gmt":"2024-02-20T04:38:12","slug":"coc-thu-dam-fox-sac-dien-da-tan","status":"publish","type":"product","link":"https:\/\/analvn.com\/?product=coc-thu-dam-fox-sac-dien-da-tan","title":{"rendered":"C\u1ed1c th\u1ee7 d\u00e2m FOX s\u1ea1c \u0111i\u1ec7n \u0111a t\u1ea7n"},"content":{"rendered":"","protected":false},"excerpt":{"rendered":"<p>Ru\u1ed9t c\u1ed1c silicone cao c\u1ea5p, h\u00e0ng ch\u00ednh h\u00e3ng FOX x\u1ecbn x\u00f2<br \/>\nRung 10 ch\u1ebf \u0111\u1ed9<br \/>\nS\u1ea1c \u0111i\u1ec7n, pin t\u1ed1t<\/p>\n","protected":false},"featured_media":2369,"template":"","meta":[],"product_cat":[177,179],"product_tag":[],"class_list":{"0":"post-2388","1":"product","2":"type-product","3":"status-publish","4":"has-post-thumbnail","6":"product_cat-do-choi-cho-anh-em","7":"product_cat-dung-cu-thu-dam","9":"first","10":"instock","11":"shipping-taxable","12":"purchasable","13":"product-type-simple"},"jetpack_sharing_enabled":true,"_links":{"self":[{"href":"https:\/\/analvn.com\/index.php?rest_route=\/wp\/v2\/product\/2388","targetHints":{"allow":["GET"]}}],"collection":[{"href":"https:\/\/analvn.com\/index.php?rest_route=\/wp\/v2\/product"}],"about":[{"href":"https:\/\/analvn.com\/index.php?rest_route=\/wp\/v2\/types\/product"}],"wp:featuredmedia":[{"embeddable":true,"href":"https:\/\/analvn.com\/index.php?rest_route=\/wp\/v2\/media\/2369"}],"wp:attachment":[{"href":"https:\/\/analvn.com\/index.php?rest_route=%2Fwp%2Fv2%2Fmedia&parent=2388"}],"wp:term":[{"taxonomy":"product_cat","embeddable":true,"href":"https:\/\/analvn.com\/index.php?rest_route=%2Fwp%2Fv2%2Fproduct_cat&post=2388"},{"taxonomy":"product_tag","embeddable":true,"href":"https:\/\/analvn.com\/index.php?rest_route=%2Fwp%2Fv2%2Fproduct_tag&post=2388"}],"curies":[{"name":"wp","href":"https:\/\/api.w.org\/{rel}","templated":true}]}}