{"id":278,"date":"2023-06-03T12:18:38","date_gmt":"2023-06-03T12:18:38","guid":{"rendered":"https:\/\/analvn.com\/?post_type=product&#038;p=278"},"modified":"2023-07-09T08:10:35","modified_gmt":"2023-07-09T08:10:35","slug":"chuoi-hat-thuy-tinh-fullsize","status":"publish","type":"product","link":"https:\/\/analvn.com\/?product=chuoi-hat-thuy-tinh-fullsize","title":{"rendered":"Chu\u1ed7i h\u1ea1t th\u1ee7y tinh trong su\u1ed1t fullsize"},"content":{"rendered":"<p><img loading=\"lazy\" decoding=\"async\" class=\"alignnone size-medium wp-image-220\" src=\"https:\/\/analvn.com\/wp-content\/uploads\/2023\/06\/z3231848133577_046518c0d24d67ad78d86841fc02ec2e-300x239.jpg\" alt=\"\" width=\"300\" height=\"239\" srcset=\"https:\/\/analvn.com\/wp-content\/uploads\/2023\/06\/z3231848133577_046518c0d24d67ad78d86841fc02ec2e-300x239.jpg 300w, https:\/\/analvn.com\/wp-content\/uploads\/2023\/06\/z3231848133577_046518c0d24d67ad78d86841fc02ec2e-768x613.jpg 768w, https:\/\/analvn.com\/wp-content\/uploads\/2023\/06\/z3231848133577_046518c0d24d67ad78d86841fc02ec2e-600x479.jpg 600w, https:\/\/analvn.com\/wp-content\/uploads\/2023\/06\/z3231848133577_046518c0d24d67ad78d86841fc02ec2e.jpg 929w\" sizes=\"auto, (max-width: 300px) 100vw, 300px\" \/><\/p>\n","protected":false},"excerpt":{"rendered":"<p>Chu\u1ed7i h\u1ea1t b\u1eb1ng th\u1ee7y tinh trong su\u1ed1t, d\u1ec5 v\u1ec7 sinh, kh\u00f4ng \u00e1m m\u00f9i<br \/>\nSize nh\u1ecf ph\u00f9 h\u1ee3p v\u1edbi ng m\u1edbi t\u1eadp ch\u01a1i<br \/>\nSize l\u1edbn nh\u1ea5t v\u1eeba v\u1edbi ng \u0111\u00e3 quen ch\u01a1i<br \/>\n*n\u00ean s\u1eed d\u1ee5ng th\u00eam gel b\u00f4i tr\u01a1n n\u1ebfu th\u1ea5y ch\u01b0a quen<\/p>\n","protected":false},"featured_media":224,"template":"","meta":[],"product_cat":[19,163,164],"product_tag":[51,54,66,52,55,71],"class_list":{"0":"post-278","1":"product","2":"type-product","3":"status-publish","4":"has-post-thumbnail","6":"product_cat-anal","7":"product_cat-anal-small","8":"product_cat-anal-medium","9":"product_tag-anal","10":"product_tag-butt-plug","11":"product_tag-chuoi-hat","12":"product_tag-hau-mon","13":"product_tag-phich-cam","14":"product_tag-thuy-tinh","16":"first","17":"instock","18":"shipping-taxable","19":"purchasable","20":"product-type-variable"},"jetpack_sharing_enabled":true,"_links":{"self":[{"href":"https:\/\/analvn.com\/index.php?rest_route=\/wp\/v2\/product\/278","targetHints":{"allow":["GET"]}}],"collection":[{"href":"https:\/\/analvn.com\/index.php?rest_route=\/wp\/v2\/product"}],"about":[{"href":"https:\/\/analvn.com\/index.php?rest_route=\/wp\/v2\/types\/product"}],"wp:featuredmedia":[{"embeddable":true,"href":"https:\/\/analvn.com\/index.php?rest_route=\/wp\/v2\/media\/224"}],"wp:attachment":[{"href":"https:\/\/analvn.com\/index.php?rest_route=%2Fwp%2Fv2%2Fmedia&parent=278"}],"wp:term":[{"taxonomy":"product_cat","embeddable":true,"href":"https:\/\/analvn.com\/index.php?rest_route=%2Fwp%2Fv2%2Fproduct_cat&post=278"},{"taxonomy":"product_tag","embeddable":true,"href":"https:\/\/analvn.com\/index.php?rest_route=%2Fwp%2Fv2%2Fproduct_tag&post=278"}],"curies":[{"name":"wp","href":"https:\/\/api.w.org\/{rel}","templated":true}]}}