{"id":3380,"date":"2025-08-24T10:10:07","date_gmt":"2025-08-24T10:10:07","guid":{"rendered":"https:\/\/analvn.com\/?post_type=product&#038;p=3380"},"modified":"2025-08-24T10:10:07","modified_gmt":"2025-08-24T10:10:07","slug":"trung-rung-khong-day-dau-duong-vat","status":"publish","type":"product","link":"https:\/\/analvn.com\/?product=trung-rung-khong-day-dau-duong-vat","title":{"rendered":"Tr\u1ee9ng rung kh\u00f4ng d\u00e2y \u0111\u1ea7u d\u01b0\u01a1ng v\u1eadt"},"content":{"rendered":"<p><img loading=\"lazy\" decoding=\"async\" class=\"alignnone size-medium wp-image-2985\" src=\"https:\/\/analvn.com\/wp-content\/uploads\/2025\/01\/z6238956427720_2bc8abd7917ac043621187531ab59c37-300x300.jpg\" alt=\"\" width=\"300\" height=\"300\" srcset=\"https:\/\/analvn.com\/wp-content\/uploads\/2025\/01\/z6238956427720_2bc8abd7917ac043621187531ab59c37-300x300.jpg 300w, https:\/\/analvn.com\/wp-content\/uploads\/2025\/01\/z6238956427720_2bc8abd7917ac043621187531ab59c37-150x150.jpg 150w, https:\/\/analvn.com\/wp-content\/uploads\/2025\/01\/z6238956427720_2bc8abd7917ac043621187531ab59c37-600x602.jpg 600w, https:\/\/analvn.com\/wp-content\/uploads\/2025\/01\/z6238956427720_2bc8abd7917ac043621187531ab59c37-100x100.jpg 100w, https:\/\/analvn.com\/wp-content\/uploads\/2025\/01\/z6238956427720_2bc8abd7917ac043621187531ab59c37-50x50.jpg 50w, https:\/\/analvn.com\/wp-content\/uploads\/2025\/01\/z6238956427720_2bc8abd7917ac043621187531ab59c37.jpg 617w\" sizes=\"auto, (max-width: 300px) 100vw, 300px\" \/> <img loading=\"lazy\" decoding=\"async\" class=\"alignnone size-medium wp-image-2984\" src=\"https:\/\/analvn.com\/wp-content\/uploads\/2025\/01\/z6238956374499_5de81b0d3ee2f12c196118144f33fbfa-300x200.jpg\" alt=\"\" width=\"300\" height=\"200\" srcset=\"https:\/\/analvn.com\/wp-content\/uploads\/2025\/01\/z6238956374499_5de81b0d3ee2f12c196118144f33fbfa-300x200.jpg 300w, https:\/\/analvn.com\/wp-content\/uploads\/2025\/01\/z6238956374499_5de81b0d3ee2f12c196118144f33fbfa-600x401.jpg 600w, https:\/\/analvn.com\/wp-content\/uploads\/2025\/01\/z6238956374499_5de81b0d3ee2f12c196118144f33fbfa.jpg 666w\" sizes=\"auto, (max-width: 300px) 100vw, 300px\" \/> <img loading=\"lazy\" decoding=\"async\" class=\"alignnone size-medium wp-image-2983\" src=\"https:\/\/analvn.com\/wp-content\/uploads\/2025\/01\/z6238956374498_37a2a055e9eef73ffae2a84fc36869e4-300x295.jpg\" alt=\"\" width=\"300\" height=\"295\" srcset=\"https:\/\/analvn.com\/wp-content\/uploads\/2025\/01\/z6238956374498_37a2a055e9eef73ffae2a84fc36869e4-300x295.jpg 300w, https:\/\/analvn.com\/wp-content\/uploads\/2025\/01\/z6238956374498_37a2a055e9eef73ffae2a84fc36869e4-600x589.jpg 600w, https:\/\/analvn.com\/wp-content\/uploads\/2025\/01\/z6238956374498_37a2a055e9eef73ffae2a84fc36869e4-50x50.jpg 50w, https:\/\/analvn.com\/wp-content\/uploads\/2025\/01\/z6238956374498_37a2a055e9eef73ffae2a84fc36869e4.jpg 624w\" sizes=\"auto, (max-width: 300px) 100vw, 300px\" \/> <img loading=\"lazy\" decoding=\"async\" class=\"alignnone size-medium wp-image-2982\" src=\"https:\/\/analvn.com\/wp-content\/uploads\/2025\/01\/z6238956374497_4456946e29f0e6fc4c98d294e2fe5e61-300x293.jpg\" alt=\"\" width=\"300\" height=\"293\" srcset=\"https:\/\/analvn.com\/wp-content\/uploads\/2025\/01\/z6238956374497_4456946e29f0e6fc4c98d294e2fe5e61-300x293.jpg 300w, https:\/\/analvn.com\/wp-content\/uploads\/2025\/01\/z6238956374497_4456946e29f0e6fc4c98d294e2fe5e61-600x586.jpg 600w, https:\/\/analvn.com\/wp-content\/uploads\/2025\/01\/z6238956374497_4456946e29f0e6fc4c98d294e2fe5e61-50x50.jpg 50w, https:\/\/analvn.com\/wp-content\/uploads\/2025\/01\/z6238956374497_4456946e29f0e6fc4c98d294e2fe5e61.jpg 627w\" sizes=\"auto, (max-width: 300px) 100vw, 300px\" \/> <img loading=\"lazy\" decoding=\"async\" class=\"alignnone size-medium wp-image-2992\" src=\"https:\/\/analvn.com\/wp-content\/uploads\/2025\/01\/z6275422781728_29ffae9b29bcb4de249cced13750b93b-208x300.jpg\" alt=\"\" width=\"208\" height=\"300\" srcset=\"https:\/\/analvn.com\/wp-content\/uploads\/2025\/01\/z6275422781728_29ffae9b29bcb4de249cced13750b93b-208x300.jpg 208w, https:\/\/analvn.com\/wp-content\/uploads\/2025\/01\/z6275422781728_29ffae9b29bcb4de249cced13750b93b.jpg 406w\" sizes=\"auto, (max-width: 208px) 100vw, 208px\" \/><\/p>\n","protected":false},"excerpt":{"rendered":"<ul>\n<li data-start=\"190\" data-end=\"308\">\n<p data-start=\"192\" data-end=\"308\"><strong data-start=\"192\" data-end=\"221\">Thi\u1ebft k\u1ebf \u0111\u1ea7u rung \u0111\u1ed9c \u0111\u00e1o<\/strong> m\u00f4 ph\u1ecfng h\u00ecnh d\u00e1ng \u0111\u1ea7u d\u01b0\u01a1ng v\u1eadt, mang l\u1ea1i c\u1ea3m gi\u00e1c ch\u00e2n th\u1ef1c v\u00e0 k\u00edch th\u00edch m\u1ea1nh m\u1ebd.<\/p>\n<\/li>\n<li data-start=\"309\" data-end=\"433\">\n<p data-start=\"311\" data-end=\"433\"><strong data-start=\"311\" data-end=\"335\">K\u00edch th\u00edch to\u00e0n di\u1ec7n<\/strong>: s\u1eed d\u1ee5ng cho <strong data-start=\"349\" data-end=\"375\">\u0111\u1ea7u ti, \u0111i\u1ec3m G, \u00e2m v\u1eadt<\/strong> \u2013 \u0111\u00e1p \u1ee9ng m\u1ecdi nhu c\u1ea7u kho\u00e1i c\u1ea3m ch\u1ec9 trong m\u1ed9t s\u1ea3n ph\u1ea9m.<\/p>\n<\/li>\n<li data-start=\"434\" data-end=\"578\">\n<p data-start=\"436\" data-end=\"578\"><b>N\u00fat b\u1ea5m tr\u1ef1c ti\u1ebfp tr\u00ean th\u00e2n m\u00e1y<\/b><\/p>\n<\/li>\n<li data-start=\"579\" data-end=\"682\">\n<p data-start=\"581\" data-end=\"682\"><strong data-start=\"581\" data-end=\"609\">Kh\u1ea3 n\u0103ng ch\u1ed1ng n\u01b0\u1edbc IPX7<\/strong>: tho\u1ea3i m\u00e1i s\u1eed d\u1ee5ng khi t\u1eafm, \u0111i b\u01a1i, ho\u1eb7c v\u1ec7 sinh d\u1ec5 d\u00e0ng sau khi d\u00f9ng.<\/p>\n<\/li>\n<li data-start=\"683\" data-end=\"775\">\n<p data-start=\"685\" data-end=\"775\"><strong data-start=\"685\" data-end=\"720\">Ch\u1ea5t li\u1ec7u silicone y t\u1ebf m\u1ec1m m\u1ea1i<\/strong>: an to\u00e0n cho c\u01a1 th\u1ec3, \u00eam \u00e1i khi ti\u1ebfp x\u00fac, d\u1ec5 v\u1ec7 sinh.<\/p>\n<\/li>\n<li data-start=\"776\" data-end=\"867\">\n<p data-start=\"778\" data-end=\"867\"><strong data-start=\"778\" data-end=\"799\">Nhi\u1ec1u ch\u1ebf \u0111\u1ed9 rung<\/strong>: t\u1eeb \u00eam d\u1ecbu \u0111\u1ebfn m\u1ea1nh m\u1ebd, d\u1ec5 d\u00e0ng \u0111i\u1ec1u ch\u1ec9nh ph\u00f9 h\u1ee3p v\u1edbi t\u00e2m tr\u1ea1ng.<\/p>\n<\/li>\n<\/ul>\n","protected":false},"featured_media":2982,"template":"","meta":[],"product_cat":[176,171,168],"product_tag":[],"class_list":{"0":"post-3380","1":"product","2":"type-product","3":"status-publish","4":"has-post-thumbnail","6":"product_cat-do-choi-cho-chi-em","7":"product_cat-khong-day","8":"product_cat-trung-rung","10":"first","11":"instock","12":"shipping-taxable","13":"purchasable","14":"product-type-simple"},"jetpack_sharing_enabled":true,"_links":{"self":[{"href":"https:\/\/analvn.com\/index.php?rest_route=\/wp\/v2\/product\/3380","targetHints":{"allow":["GET"]}}],"collection":[{"href":"https:\/\/analvn.com\/index.php?rest_route=\/wp\/v2\/product"}],"about":[{"href":"https:\/\/analvn.com\/index.php?rest_route=\/wp\/v2\/types\/product"}],"wp:featuredmedia":[{"embeddable":true,"href":"https:\/\/analvn.com\/index.php?rest_route=\/wp\/v2\/media\/2982"}],"wp:attachment":[{"href":"https:\/\/analvn.com\/index.php?rest_route=%2Fwp%2Fv2%2Fmedia&parent=3380"}],"wp:term":[{"taxonomy":"product_cat","embeddable":true,"href":"https:\/\/analvn.com\/index.php?rest_route=%2Fwp%2Fv2%2Fproduct_cat&post=3380"},{"taxonomy":"product_tag","embeddable":true,"href":"https:\/\/analvn.com\/index.php?rest_route=%2Fwp%2Fv2%2Fproduct_tag&post=3380"}],"curies":[{"name":"wp","href":"https:\/\/api.w.org\/{rel}","templated":true}]}}