{"id":3485,"date":"2025-08-25T15:25:18","date_gmt":"2025-08-25T15:25:18","guid":{"rendered":"https:\/\/analvn.com\/?post_type=product&#038;p=3485"},"modified":"2025-08-25T15:25:18","modified_gmt":"2025-08-25T15:25:18","slug":"may-rung-gan-quan-lot-co-dieu-khien-tu-xa","status":"publish","type":"product","link":"https:\/\/analvn.com\/?product=may-rung-gan-quan-lot-co-dieu-khien-tu-xa","title":{"rendered":"M\u00e1y rung g\u1eafn qu\u1ea7n l\u00f3t c\u00f3 \u0111i\u1ec1u khi\u1ec3n t\u1eeb xa"},"content":{"rendered":"<p><img loading=\"lazy\" decoding=\"async\" class=\"alignnone size-medium wp-image-3410\" src=\"https:\/\/analvn.com\/wp-content\/uploads\/2025\/08\/z6277530506679_433eee3e2fd02848faec5156c236a697-300x213.jpg\" alt=\"\" width=\"300\" height=\"213\" srcset=\"https:\/\/analvn.com\/wp-content\/uploads\/2025\/08\/z6277530506679_433eee3e2fd02848faec5156c236a697-300x213.jpg 300w, https:\/\/analvn.com\/wp-content\/uploads\/2025\/08\/z6277530506679_433eee3e2fd02848faec5156c236a697.jpg 487w\" sizes=\"auto, (max-width: 300px) 100vw, 300px\" \/> <img loading=\"lazy\" decoding=\"async\" class=\"alignnone size-medium wp-image-3409\" src=\"https:\/\/analvn.com\/wp-content\/uploads\/2025\/08\/z6277530506692_cdd409633f8784eb9066d136cfc21885-249x300.jpg\" alt=\"\" width=\"249\" height=\"300\" srcset=\"https:\/\/analvn.com\/wp-content\/uploads\/2025\/08\/z6277530506692_cdd409633f8784eb9066d136cfc21885-249x300.jpg 249w, https:\/\/analvn.com\/wp-content\/uploads\/2025\/08\/z6277530506692_cdd409633f8784eb9066d136cfc21885.jpg 577w\" sizes=\"auto, (max-width: 249px) 100vw, 249px\" \/> <img loading=\"lazy\" decoding=\"async\" class=\"alignnone size-medium wp-image-3408\" src=\"https:\/\/analvn.com\/wp-content\/uploads\/2025\/08\/z6277530506693_f2a746eab2906bccde6e5b6b7229c7b9-261x300.jpg\" alt=\"\" width=\"261\" height=\"300\" srcset=\"https:\/\/analvn.com\/wp-content\/uploads\/2025\/08\/z6277530506693_f2a746eab2906bccde6e5b6b7229c7b9-261x300.jpg 261w, https:\/\/analvn.com\/wp-content\/uploads\/2025\/08\/z6277530506693_f2a746eab2906bccde6e5b6b7229c7b9.jpg 589w\" sizes=\"auto, (max-width: 261px) 100vw, 261px\" \/> <img loading=\"lazy\" decoding=\"async\" class=\"alignnone size-medium wp-image-3407\" src=\"https:\/\/analvn.com\/wp-content\/uploads\/2025\/08\/z6277530547713_e19cf220d26a6c5383ca9be576254153-237x300.jpg\" alt=\"\" width=\"237\" height=\"300\" srcset=\"https:\/\/analvn.com\/wp-content\/uploads\/2025\/08\/z6277530547713_e19cf220d26a6c5383ca9be576254153-237x300.jpg 237w, https:\/\/analvn.com\/wp-content\/uploads\/2025\/08\/z6277530547713_e19cf220d26a6c5383ca9be576254153.jpg 588w\" sizes=\"auto, (max-width: 237px) 100vw, 237px\" \/> <img loading=\"lazy\" decoding=\"async\" class=\"alignnone size-medium wp-image-3406\" src=\"https:\/\/analvn.com\/wp-content\/uploads\/2025\/08\/z6277530547721_825ff747d8c64cfd9607aa201e366a39-234x300.jpg\" alt=\"\" width=\"234\" height=\"300\" srcset=\"https:\/\/analvn.com\/wp-content\/uploads\/2025\/08\/z6277530547721_825ff747d8c64cfd9607aa201e366a39-234x300.jpg 234w, https:\/\/analvn.com\/wp-content\/uploads\/2025\/08\/z6277530547721_825ff747d8c64cfd9607aa201e366a39.jpg 581w\" sizes=\"auto, (max-width: 234px) 100vw, 234px\" \/><\/p>\n","protected":false},"excerpt":{"rendered":"<h3 data-start=\"289\" data-end=\"319\"><strong data-start=\"296\" data-end=\"317\">\u0110\u1eb7c \u0111i\u1ec3m n\u1ed5i b\u1eadt:<\/strong><\/h3>\n<ul data-start=\"320\" data-end=\"1013\">\n<li data-start=\"320\" data-end=\"462\">\n<p data-start=\"322\" data-end=\"462\"><strong data-start=\"322\" data-end=\"352\">Thi\u1ebft k\u1ebf h\u00ecnh b\u01b0\u1edbm m\u1ec1m m\u1ea1i<\/strong>: T\u1ea1o c\u1ea3m gi\u00e1c d\u1ec5 th\u01b0\u01a1ng nh\u01b0ng kh\u00f4ng k\u00e9m ph\u1ea7n g\u1ee3i c\u1ea3m, d\u1ec5 d\u00e0ng c\u1ed1 \u0111\u1ecbnh trong qu\u1ea7n l\u00f3t nh\u1edd d\u00e2y \u0111eo ch\u1eafc ch\u1eafn.<\/p>\n<\/li>\n<li data-start=\"463\" data-end=\"545\">\n<p data-start=\"465\" data-end=\"545\"><strong data-start=\"465\" data-end=\"500\">Ch\u1ea5t li\u1ec7u silicone y t\u1ebf cao c\u1ea5p<\/strong>: M\u1ec1m m\u1ea1i, an to\u00e0n cho da, d\u1ec5 d\u00e0ng v\u1ec7 sinh.<\/p>\n<\/li>\n<li data-start=\"546\" data-end=\"710\">\n<p data-start=\"548\" data-end=\"710\"><strong data-start=\"548\" data-end=\"577\">\u0110i\u1ec1u khi\u1ec3n t\u1eeb xa ti\u1ec7n l\u1ee3i<\/strong>: C\u00f3 th\u1ec3 \u0111i\u1ec1u ch\u1ec9nh ch\u1ebf \u0111\u1ed9 rung ngay c\u1ea3 khi \u0111ang \u1edf n\u01a1i c\u00f4ng c\u1ed9ng ho\u1eb7c trong nh\u1eefng t\u00ecnh hu\u1ed1ng b\u00ed m\u1eadt, t\u0103ng th\u00eam s\u1ef1 h\u1ee9ng th\u00fa b\u1ea5t ng\u1edd.<\/p>\n<\/li>\n<li data-start=\"711\" data-end=\"814\">\n<p data-start=\"713\" data-end=\"814\"><strong data-start=\"713\" data-end=\"734\">Nhi\u1ec1u ch\u1ebf \u0111\u1ed9 rung<\/strong>: \u0110a d\u1ea1ng t\u1ea7n s\u1ed1, t\u1eeb nh\u1eb9 nh\u00e0ng \u0111\u1ebfn m\u1ea1nh m\u1ebd, ph\u00f9 h\u1ee3p theo t\u00e2m tr\u1ea1ng v\u00e0 nhu c\u1ea7u.<\/p>\n<\/li>\n<li data-start=\"815\" data-end=\"908\">\n<p data-start=\"817\" data-end=\"908\"><strong data-start=\"817\" data-end=\"838\">S\u1ea1c USB ti\u1ec7n d\u1ee5ng<\/strong>: Th\u1eddi gian s\u1ea1c nhanh, s\u1eed d\u1ee5ng l\u00e2u d\u00e0i, th\u00e2n thi\u1ec7n v\u00e0 ti\u1ebft ki\u1ec7m pin.<\/p>\n<\/li>\n<li data-start=\"909\" data-end=\"1013\">\n<p data-start=\"911\" data-end=\"1013\"><strong data-start=\"911\" data-end=\"939\">Thi\u1ebft k\u1ebf nh\u1ecf g\u1ecdn &amp; \u00eam \u00e1i<\/strong>: \u00c2m thanh ho\u1ea1t \u0111\u1ed9ng th\u1ea5p, c\u00f3 th\u1ec3 d\u00f9ng k\u00edn \u0111\u00e1o m\u00e0 kh\u00f4ng lo b\u1ecb ph\u00e1t hi\u1ec7n.<\/p>\n<\/li>\n<\/ul>\n<h3 data-start=\"1015\" data-end=\"1046\">\ud83d\udd39 <strong data-start=\"1022\" data-end=\"1044\">Th\u00f4ng s\u1ed1 s\u1ea3n ph\u1ea9m:<\/strong><\/h3>\n<ul data-start=\"1047\" data-end=\"1274\">\n<li data-start=\"1047\" data-end=\"1103\">\n<p data-start=\"1049\" data-end=\"1103\">K\u00edch th\u01b0\u1edbc: D\u00e0i ~14.9 cm, r\u1ed9ng ~10 cm, \u0111\u1ed9 d\u00e0y ~4 cm.<\/p>\n<\/li>\n<li data-start=\"1104\" data-end=\"1142\">\n<p data-start=\"1106\" data-end=\"1142\">Ch\u1ea5t li\u1ec7u: Silicone + ABS an to\u00e0n.<\/p>\n<\/li>\n<li data-start=\"1143\" data-end=\"1195\">\n<p data-start=\"1145\" data-end=\"1195\">Ngu\u1ed3n s\u1ea1c: USB, th\u1eddi gian s\u1ea1c nhanh, pin b\u1ec1n b\u1ec9.<\/p>\n<\/li>\n<li data-start=\"1196\" data-end=\"1245\">\n<p data-start=\"1198\" data-end=\"1245\">\u0110i\u1ec1u khi\u1ec3n t\u1eeb xa: kho\u1ea3ng c\u00e1ch l\u00ean t\u1edbi 10 m\u00e9t.<\/p>\n<\/li>\n<li data-start=\"1246\" data-end=\"1274\">\n<p data-start=\"1248\" data-end=\"1274\">M\u00e0u s\u1eafc: H\u1ed3ng ng\u1ecdt ng\u00e0o.<\/p>\n<\/li>\n<\/ul>\n","protected":false},"featured_media":3406,"template":"","meta":[],"product_cat":[176,168],"product_tag":[],"class_list":{"0":"post-3485","1":"product","2":"type-product","3":"status-publish","4":"has-post-thumbnail","6":"product_cat-do-choi-cho-chi-em","7":"product_cat-trung-rung","9":"first","10":"instock","11":"shipping-taxable","12":"purchasable","13":"product-type-simple"},"jetpack_sharing_enabled":true,"_links":{"self":[{"href":"https:\/\/analvn.com\/index.php?rest_route=\/wp\/v2\/product\/3485","targetHints":{"allow":["GET"]}}],"collection":[{"href":"https:\/\/analvn.com\/index.php?rest_route=\/wp\/v2\/product"}],"about":[{"href":"https:\/\/analvn.com\/index.php?rest_route=\/wp\/v2\/types\/product"}],"wp:featuredmedia":[{"embeddable":true,"href":"https:\/\/analvn.com\/index.php?rest_route=\/wp\/v2\/media\/3406"}],"wp:attachment":[{"href":"https:\/\/analvn.com\/index.php?rest_route=%2Fwp%2Fv2%2Fmedia&parent=3485"}],"wp:term":[{"taxonomy":"product_cat","embeddable":true,"href":"https:\/\/analvn.com\/index.php?rest_route=%2Fwp%2Fv2%2Fproduct_cat&post=3485"},{"taxonomy":"product_tag","embeddable":true,"href":"https:\/\/analvn.com\/index.php?rest_route=%2Fwp%2Fv2%2Fproduct_tag&post=3485"}],"curies":[{"name":"wp","href":"https:\/\/api.w.org\/{rel}","templated":true}]}}