{"id":3491,"date":"2025-08-25T15:50:25","date_gmt":"2025-08-25T15:50:25","guid":{"rendered":"https:\/\/analvn.com\/?post_type=product&#038;p=3491"},"modified":"2025-08-25T15:50:26","modified_gmt":"2025-08-25T15:50:26","slug":"vong-deo-duong-vat-rung-9-che-do","status":"publish","type":"product","link":"https:\/\/analvn.com\/?product=vong-deo-duong-vat-rung-9-che-do","title":{"rendered":"V\u00f2ng \u0110eo D\u01b0\u01a1ng V\u1eadt Rung 9 Ch\u1ebf \u0110\u1ed9"},"content":{"rendered":"<p><img loading=\"lazy\" decoding=\"async\" class=\"alignnone size-medium wp-image-3347\" src=\"https:\/\/analvn.com\/wp-content\/uploads\/2025\/08\/z6445636903494_e507d78df471a2e661d4ed745f62d752-283x300.jpg\" alt=\"\" width=\"283\" height=\"300\" srcset=\"https:\/\/analvn.com\/wp-content\/uploads\/2025\/08\/z6445636903494_e507d78df471a2e661d4ed745f62d752-283x300.jpg 283w, https:\/\/analvn.com\/wp-content\/uploads\/2025\/08\/z6445636903494_e507d78df471a2e661d4ed745f62d752-600x637.jpg 600w, https:\/\/analvn.com\/wp-content\/uploads\/2025\/08\/z6445636903494_e507d78df471a2e661d4ed745f62d752.jpg 679w\" sizes=\"auto, (max-width: 283px) 100vw, 283px\" \/> <img loading=\"lazy\" decoding=\"async\" class=\"alignnone size-medium wp-image-3346\" src=\"https:\/\/analvn.com\/wp-content\/uploads\/2025\/08\/z6445636889528_9bfce24969ecf9dfda9c7ab6453af574-300x200.jpg\" alt=\"\" width=\"300\" height=\"200\" srcset=\"https:\/\/analvn.com\/wp-content\/uploads\/2025\/08\/z6445636889528_9bfce24969ecf9dfda9c7ab6453af574-300x200.jpg 300w, https:\/\/analvn.com\/wp-content\/uploads\/2025\/08\/z6445636889528_9bfce24969ecf9dfda9c7ab6453af574-600x400.jpg 600w, https:\/\/analvn.com\/wp-content\/uploads\/2025\/08\/z6445636889528_9bfce24969ecf9dfda9c7ab6453af574.jpg 663w\" sizes=\"auto, (max-width: 300px) 100vw, 300px\" \/> <img loading=\"lazy\" decoding=\"async\" class=\"alignnone size-medium wp-image-3345\" src=\"https:\/\/analvn.com\/wp-content\/uploads\/2025\/08\/z6445636889545_832cb7b9417bac3ef75e4d8ba913c64b-296x300.jpg\" alt=\"\" width=\"296\" height=\"300\" srcset=\"https:\/\/analvn.com\/wp-content\/uploads\/2025\/08\/z6445636889545_832cb7b9417bac3ef75e4d8ba913c64b-296x300.jpg 296w, https:\/\/analvn.com\/wp-content\/uploads\/2025\/08\/z6445636889545_832cb7b9417bac3ef75e4d8ba913c64b-600x609.jpg 600w, https:\/\/analvn.com\/wp-content\/uploads\/2025\/08\/z6445636889545_832cb7b9417bac3ef75e4d8ba913c64b-100x100.jpg 100w, https:\/\/analvn.com\/wp-content\/uploads\/2025\/08\/z6445636889545_832cb7b9417bac3ef75e4d8ba913c64b-50x50.jpg 50w, https:\/\/analvn.com\/wp-content\/uploads\/2025\/08\/z6445636889545_832cb7b9417bac3ef75e4d8ba913c64b.jpg 691w\" sizes=\"auto, (max-width: 296px) 100vw, 296px\" \/> <img loading=\"lazy\" decoding=\"async\" class=\"alignnone size-medium wp-image-3344\" src=\"https:\/\/analvn.com\/wp-content\/uploads\/2025\/08\/z6467450925861_1cbdf074bf97715380b30cc3b91b7b56-300x259.jpg\" alt=\"\" width=\"300\" height=\"259\" srcset=\"https:\/\/analvn.com\/wp-content\/uploads\/2025\/08\/z6467450925861_1cbdf074bf97715380b30cc3b91b7b56-300x259.jpg 300w, https:\/\/analvn.com\/wp-content\/uploads\/2025\/08\/z6467450925861_1cbdf074bf97715380b30cc3b91b7b56-768x663.jpg 768w, https:\/\/analvn.com\/wp-content\/uploads\/2025\/08\/z6467450925861_1cbdf074bf97715380b30cc3b91b7b56-600x518.jpg 600w, https:\/\/analvn.com\/wp-content\/uploads\/2025\/08\/z6467450925861_1cbdf074bf97715380b30cc3b91b7b56.jpg 778w\" sizes=\"auto, (max-width: 300px) 100vw, 300px\" \/> <img loading=\"lazy\" decoding=\"async\" class=\"alignnone size-medium wp-image-3343\" src=\"https:\/\/analvn.com\/wp-content\/uploads\/2025\/08\/z6467450872067_fc1983d9dce9b5249e818aa70a03c5be-300x296.jpg\" alt=\"\" width=\"300\" height=\"296\" srcset=\"https:\/\/analvn.com\/wp-content\/uploads\/2025\/08\/z6467450872067_fc1983d9dce9b5249e818aa70a03c5be-300x296.jpg 300w, https:\/\/analvn.com\/wp-content\/uploads\/2025\/08\/z6467450872067_fc1983d9dce9b5249e818aa70a03c5be-600x592.jpg 600w, https:\/\/analvn.com\/wp-content\/uploads\/2025\/08\/z6467450872067_fc1983d9dce9b5249e818aa70a03c5be-100x100.jpg 100w, https:\/\/analvn.com\/wp-content\/uploads\/2025\/08\/z6467450872067_fc1983d9dce9b5249e818aa70a03c5be-50x50.jpg 50w, https:\/\/analvn.com\/wp-content\/uploads\/2025\/08\/z6467450872067_fc1983d9dce9b5249e818aa70a03c5be.jpg 731w\" sizes=\"auto, (max-width: 300px) 100vw, 300px\" \/> <img loading=\"lazy\" decoding=\"async\" class=\"alignnone size-medium wp-image-3342\" src=\"https:\/\/analvn.com\/wp-content\/uploads\/2025\/08\/z6707666498145_67559caeb20ea3b87b8e1e06b06fb758-300x246.jpg\" alt=\"\" width=\"300\" height=\"246\" srcset=\"https:\/\/analvn.com\/wp-content\/uploads\/2025\/08\/z6707666498145_67559caeb20ea3b87b8e1e06b06fb758-300x246.jpg 300w, https:\/\/analvn.com\/wp-content\/uploads\/2025\/08\/z6707666498145_67559caeb20ea3b87b8e1e06b06fb758-600x492.jpg 600w, https:\/\/analvn.com\/wp-content\/uploads\/2025\/08\/z6707666498145_67559caeb20ea3b87b8e1e06b06fb758.jpg 656w\" sizes=\"auto, (max-width: 300px) 100vw, 300px\" \/> <img loading=\"lazy\" decoding=\"async\" class=\"alignnone size-medium wp-image-3341\" src=\"https:\/\/analvn.com\/wp-content\/uploads\/2025\/08\/z6707666498208_ad0aa65331185725ed1b33ed55dc2bc9-300x290.jpg\" alt=\"\" width=\"300\" height=\"290\" srcset=\"https:\/\/analvn.com\/wp-content\/uploads\/2025\/08\/z6707666498208_ad0aa65331185725ed1b33ed55dc2bc9-300x290.jpg 300w, https:\/\/analvn.com\/wp-content\/uploads\/2025\/08\/z6707666498208_ad0aa65331185725ed1b33ed55dc2bc9-600x580.jpg 600w, https:\/\/analvn.com\/wp-content\/uploads\/2025\/08\/z6707666498208_ad0aa65331185725ed1b33ed55dc2bc9.jpg 680w\" sizes=\"auto, (max-width: 300px) 100vw, 300px\" \/> <img loading=\"lazy\" decoding=\"async\" class=\"alignnone size-medium wp-image-3340\" src=\"https:\/\/analvn.com\/wp-content\/uploads\/2025\/08\/z6707666498146_832155aca022fb09e218a044d21018fc-300x294.jpg\" alt=\"\" width=\"300\" height=\"294\" srcset=\"https:\/\/analvn.com\/wp-content\/uploads\/2025\/08\/z6707666498146_832155aca022fb09e218a044d21018fc-300x294.jpg 300w, https:\/\/analvn.com\/wp-content\/uploads\/2025\/08\/z6707666498146_832155aca022fb09e218a044d21018fc-600x588.jpg 600w, https:\/\/analvn.com\/wp-content\/uploads\/2025\/08\/z6707666498146_832155aca022fb09e218a044d21018fc-50x50.jpg 50w, https:\/\/analvn.com\/wp-content\/uploads\/2025\/08\/z6707666498146_832155aca022fb09e218a044d21018fc.jpg 665w\" sizes=\"auto, (max-width: 300px) 100vw, 300px\" \/><\/p>\n","protected":false},"excerpt":{"rendered":"<ul data-start=\"303\" data-end=\"828\">\n<li data-start=\"303\" data-end=\"433\">\n<p data-start=\"305\" data-end=\"433\"><strong data-start=\"305\" data-end=\"331\">9 ch\u1ebf \u0111\u1ed9 rung m\u1ea1nh m\u1ebd:<\/strong> nhi\u1ec1u t\u1ea7n s\u1ed1 v\u00e0 nh\u1ecbp \u0111\u1ed9 kh\u00e1c nhau, t\u1eeb rung nh\u1eb9 nh\u00e0ng cho \u0111\u1ebfn rung m\u1ea1nh m\u1ebd, ph\u00f9 h\u1ee3p nhu c\u1ea7u \u0111a d\u1ea1ng.<\/p>\n<\/li>\n<li data-start=\"434\" data-end=\"572\">\n<p data-start=\"436\" data-end=\"572\"><strong data-start=\"436\" data-end=\"457\">Thi\u1ebft k\u1ebf \u00f4m kh\u00edt:<\/strong> d\u1ea1ng v\u00f2ng \u0111eo, v\u1eeba kh\u00edt d\u01b0\u01a1ng v\u1eadt gi\u00fap k\u00e9o d\u00e0i th\u1eddi gian quan h\u1ec7, \u0111\u1ed3ng th\u1eddi t\u1ea1o c\u1ea3m gi\u00e1c c\u0103ng c\u1ee9ng, m\u1ea1nh m\u1ebd h\u01a1n.<\/p>\n<\/li>\n<li data-start=\"573\" data-end=\"650\">\n<p data-start=\"575\" data-end=\"650\"><strong data-start=\"575\" data-end=\"611\">Ch\u1ea5t li\u1ec7u silicone y t\u1ebf cao c\u1ea5p:<\/strong> m\u1ec1m m\u1ea1i, an to\u00e0n cho da, d\u1ec5 v\u1ec7 sinh.<\/p>\n<\/li>\n<li data-start=\"651\" data-end=\"745\">\n<p data-start=\"653\" data-end=\"745\"><strong data-start=\"653\" data-end=\"677\">Ch\u1ed1ng n\u01b0\u1edbc hi\u1ec7u qu\u1ea3:<\/strong> tho\u1ea3i m\u00e1i s\u1eed d\u1ee5ng ngay c\u1ea3 khi t\u1eafm, d\u1ec5 d\u00e0ng r\u1eeda s\u1ea1ch sau khi d\u00f9ng.<\/p>\n<\/li>\n<li data-start=\"746\" data-end=\"828\">\n<p data-start=\"748\" data-end=\"828\"><strong data-start=\"748\" data-end=\"769\">S\u1ea1c USB ti\u1ec7n l\u1ee3i:<\/strong> pin s\u1ea1c nhanh, ti\u1ebft ki\u1ec7m, cho th\u1eddi gian s\u1eed d\u1ee5ng l\u00e2u d\u00e0i.<\/p>\n<\/li>\n<\/ul>\n<h3 data-start=\"830\" data-end=\"860\">\ud83d\udc8e <strong data-start=\"837\" data-end=\"858\">L\u1ee3i \u00edch s\u1ea3n ph\u1ea9m:<\/strong><\/h3>\n<ul data-start=\"861\" data-end=\"1146\">\n<li data-start=\"861\" data-end=\"929\">\n<p data-start=\"863\" data-end=\"929\">Gi\u00fap <strong data-start=\"868\" data-end=\"908\">t\u0103ng \u0111\u1ed9 c\u1ee9ng v\u00e0 k\u00edch th\u01b0\u1edbc d\u01b0\u01a1ng v\u1eadt<\/strong> trong khi s\u1eed d\u1ee5ng.<\/p>\n<\/li>\n<li data-start=\"930\" data-end=\"987\">\n<p data-start=\"932\" data-end=\"987\"><strong data-start=\"932\" data-end=\"961\">K\u00e9o d\u00e0i th\u1eddi gian quan h\u1ec7<\/strong>, h\u1ea1n ch\u1ebf xu\u1ea5t tinh s\u1edbm.<\/p>\n<\/li>\n<li data-start=\"988\" data-end=\"1055\">\n<p data-start=\"990\" data-end=\"1055\">Mang l\u1ea1i <strong data-start=\"999\" data-end=\"1029\">c\u1ea3m gi\u00e1c kho\u00e1i c\u1ea3m m\u1ea1nh m\u1ebd<\/strong> cho c\u1ea3 nam v\u00e0 b\u1ea1n t\u00ecnh.<\/p>\n<\/li>\n<li data-start=\"1056\" data-end=\"1146\">\n<p data-start=\"1058\" data-end=\"1146\">Th\u00edch h\u1ee3p d\u00f9ng <strong data-start=\"1073\" data-end=\"1104\">luy\u1ec7n t\u1eadp ki\u1ec3m so\u00e1t sinh l\u00fd<\/strong> v\u00e0 n\u00e2ng cao s\u1ee9c kh\u1ecfe t\u00ecnh d\u1ee5c nam gi\u1edbi.<\/p>\n<\/li>\n<\/ul>\n","protected":false},"featured_media":3343,"template":"","meta":[],"product_cat":[177,179],"product_tag":[],"class_list":{"0":"post-3491","1":"product","2":"type-product","3":"status-publish","4":"has-post-thumbnail","6":"product_cat-do-choi-cho-anh-em","7":"product_cat-dung-cu-thu-dam","9":"first","10":"instock","11":"shipping-taxable","12":"purchasable","13":"product-type-simple"},"jetpack_sharing_enabled":true,"_links":{"self":[{"href":"https:\/\/analvn.com\/index.php?rest_route=\/wp\/v2\/product\/3491","targetHints":{"allow":["GET"]}}],"collection":[{"href":"https:\/\/analvn.com\/index.php?rest_route=\/wp\/v2\/product"}],"about":[{"href":"https:\/\/analvn.com\/index.php?rest_route=\/wp\/v2\/types\/product"}],"wp:featuredmedia":[{"embeddable":true,"href":"https:\/\/analvn.com\/index.php?rest_route=\/wp\/v2\/media\/3343"}],"wp:attachment":[{"href":"https:\/\/analvn.com\/index.php?rest_route=%2Fwp%2Fv2%2Fmedia&parent=3491"}],"wp:term":[{"taxonomy":"product_cat","embeddable":true,"href":"https:\/\/analvn.com\/index.php?rest_route=%2Fwp%2Fv2%2Fproduct_cat&post=3491"},{"taxonomy":"product_tag","embeddable":true,"href":"https:\/\/analvn.com\/index.php?rest_route=%2Fwp%2Fv2%2Fproduct_tag&post=3491"}],"curies":[{"name":"wp","href":"https:\/\/api.w.org\/{rel}","templated":true}]}}