{"id":470,"date":"2023-06-04T16:11:46","date_gmt":"2023-06-04T16:11:46","guid":{"rendered":"https:\/\/analvn.com\/?post_type=product&#038;p=470"},"modified":"2024-05-24T10:26:05","modified_gmt":"2024-05-24T10:26:05","slug":"dung-cu-cam-hau-mon-xoan-dai","status":"publish","type":"product","link":"https:\/\/analvn.com\/?product=dung-cu-cam-hau-mon-xoan-dai","title":{"rendered":"D\u1ee5ng c\u1ee5 c\u1eafm h\u1eadu m\u00f4n nh\u1ef1a d\u1ebbo xo\u1eafn d\u00e0i"},"content":{"rendered":"","protected":false},"excerpt":{"rendered":"<p>K\u00edch th\u01b0\u1edbc: 35cm (d\u00e0i) x 2cm (\u0111\u01b0\u1eddng k\u00ednh)<br \/>\nCh\u1ea5t li\u1ec7u nh\u1ef1a d\u1ebbo m\u1ec1m d\u1ec5 \u0111\u00fat s\u00e2u<br \/>\nC\u00f3 \u0111\u1ec3 h\u00edt ch\u00e2n kh\u00f4ng<\/p>\n","protected":false},"featured_media":471,"template":"","meta":[],"product_cat":[19,165,163],"product_tag":[51,54,91,52,90,53],"class_list":{"0":"post-470","1":"product","2":"type-product","3":"status-publish","4":"has-post-thumbnail","6":"product_cat-anal","7":"product_cat-anal-big","8":"product_cat-anal-small","9":"product_tag-anal","10":"product_tag-butt-plug","11":"product_tag-dai","12":"product_tag-hau-mon","13":"product_tag-long","14":"product_tag-plug-in","16":"first","17":"instock","18":"shipping-taxable","19":"purchasable","20":"product-type-variable"},"jetpack_sharing_enabled":true,"_links":{"self":[{"href":"https:\/\/analvn.com\/index.php?rest_route=\/wp\/v2\/product\/470","targetHints":{"allow":["GET"]}}],"collection":[{"href":"https:\/\/analvn.com\/index.php?rest_route=\/wp\/v2\/product"}],"about":[{"href":"https:\/\/analvn.com\/index.php?rest_route=\/wp\/v2\/types\/product"}],"wp:featuredmedia":[{"embeddable":true,"href":"https:\/\/analvn.com\/index.php?rest_route=\/wp\/v2\/media\/471"}],"wp:attachment":[{"href":"https:\/\/analvn.com\/index.php?rest_route=%2Fwp%2Fv2%2Fmedia&parent=470"}],"wp:term":[{"taxonomy":"product_cat","embeddable":true,"href":"https:\/\/analvn.com\/index.php?rest_route=%2Fwp%2Fv2%2Fproduct_cat&post=470"},{"taxonomy":"product_tag","embeddable":true,"href":"https:\/\/analvn.com\/index.php?rest_route=%2Fwp%2Fv2%2Fproduct_tag&post=470"}],"curies":[{"name":"wp","href":"https:\/\/api.w.org\/{rel}","templated":true}]}}