{"id":592,"date":"2023-06-05T07:45:24","date_gmt":"2023-06-05T07:45:24","guid":{"rendered":"https:\/\/analvn.com\/?post_type=product&#038;p=592"},"modified":"2023-07-09T08:04:41","modified_gmt":"2023-07-09T08:04:41","slug":"phich-cam-kim-loai-hello-kitty-mau-2","status":"publish","type":"product","link":"https:\/\/analvn.com\/?product=phich-cam-kim-loai-hello-kitty-mau-2","title":{"rendered":"Ph\u00edch c\u1eafm kim lo\u1ea1i hello kitty &#8211; m\u1eabu 2"},"content":{"rendered":"<p><img loading=\"lazy\" decoding=\"async\" class=\"alignnone size-medium wp-image-581\" src=\"https:\/\/analvn.com\/wp-content\/uploads\/2023\/06\/z4405966096226_663f565edd473bed13beebf60cc32b4a-289x300.jpg\" alt=\"\" width=\"289\" height=\"300\" srcset=\"https:\/\/analvn.com\/wp-content\/uploads\/2023\/06\/z4405966096226_663f565edd473bed13beebf60cc32b4a-289x300.jpg 289w, https:\/\/analvn.com\/wp-content\/uploads\/2023\/06\/z4405966096226_663f565edd473bed13beebf60cc32b4a-600x623.jpg 600w, https:\/\/analvn.com\/wp-content\/uploads\/2023\/06\/z4405966096226_663f565edd473bed13beebf60cc32b4a.jpg 740w\" sizes=\"auto, (max-width: 289px) 100vw, 289px\" \/><\/p>\n","protected":false},"excerpt":{"rendered":"<p>Ph\u00edch c\u1eafm b\u1eb1ng kim lo\u1ea1i, \u0111\u00e1 trang tr\u00ed m\u00e0u h\u1ed3ng h\u00ecnh hello kitty<br \/>\nK\u00edch th\u01b0\u1edbc nh\u1ecf, ph\u00f9 h\u1ee3p v\u1edbi ng\u01b0\u1eddi m\u1edbi<br \/>\n*c\u00f3 th\u1ec3 d\u00f9ng th\u00eam gel b\u00f4i tr\u01a1n n\u1ebfu c\u1ea7n<\/p>\n","protected":false},"featured_media":583,"template":"","meta":[],"product_cat":[19,163],"product_tag":[51,54,66,52,55,53],"class_list":{"0":"post-592","1":"product","2":"type-product","3":"status-publish","4":"has-post-thumbnail","6":"product_cat-anal","7":"product_cat-anal-small","8":"product_tag-anal","9":"product_tag-butt-plug","10":"product_tag-chuoi-hat","11":"product_tag-hau-mon","12":"product_tag-phich-cam","13":"product_tag-plug-in","15":"first","16":"instock","17":"shipping-taxable","18":"purchasable","19":"product-type-simple"},"jetpack_sharing_enabled":true,"_links":{"self":[{"href":"https:\/\/analvn.com\/index.php?rest_route=\/wp\/v2\/product\/592","targetHints":{"allow":["GET"]}}],"collection":[{"href":"https:\/\/analvn.com\/index.php?rest_route=\/wp\/v2\/product"}],"about":[{"href":"https:\/\/analvn.com\/index.php?rest_route=\/wp\/v2\/types\/product"}],"wp:featuredmedia":[{"embeddable":true,"href":"https:\/\/analvn.com\/index.php?rest_route=\/wp\/v2\/media\/583"}],"wp:attachment":[{"href":"https:\/\/analvn.com\/index.php?rest_route=%2Fwp%2Fv2%2Fmedia&parent=592"}],"wp:term":[{"taxonomy":"product_cat","embeddable":true,"href":"https:\/\/analvn.com\/index.php?rest_route=%2Fwp%2Fv2%2Fproduct_cat&post=592"},{"taxonomy":"product_tag","embeddable":true,"href":"https:\/\/analvn.com\/index.php?rest_route=%2Fwp%2Fv2%2Fproduct_tag&post=592"}],"curies":[{"name":"wp","href":"https:\/\/api.w.org\/{rel}","templated":true}]}}