{"id":979,"date":"2023-06-09T06:41:18","date_gmt":"2023-06-09T06:41:18","guid":{"rendered":"https:\/\/analvn.com\/?post_type=product&#038;p=979"},"modified":"2024-02-18T14:30:29","modified_gmt":"2024-02-18T14:30:29","slug":"mu-trum-dau-mau-4","status":"publish","type":"product","link":"https:\/\/analvn.com\/?product=mu-trum-dau-mau-4","title":{"rendered":"M\u0169 tr\u00f9m \u0111\u1ea7u m\u1eabu 4"},"content":{"rendered":"","protected":false},"excerpt":{"rendered":"<p>Ch\u1ea5t li\u1ec7u: PU<br \/>\nM\u00e0u s\u1eafc: \u0110en\/H\u1ed3ng<\/p>\n","protected":false},"featured_media":984,"template":"","meta":[],"product_cat":[20],"product_tag":[128,133,134],"class_list":{"0":"post-979","1":"product","2":"type-product","3":"status-publish","4":"has-post-thumbnail","6":"product_cat-bdsm","7":"product_tag-bdsm","8":"product_tag-hood","9":"product_tag-mu-trum-dau","11":"first","12":"instock","13":"shipping-taxable","14":"purchasable","15":"product-type-simple"},"jetpack_sharing_enabled":true,"_links":{"self":[{"href":"https:\/\/analvn.com\/index.php?rest_route=\/wp\/v2\/product\/979","targetHints":{"allow":["GET"]}}],"collection":[{"href":"https:\/\/analvn.com\/index.php?rest_route=\/wp\/v2\/product"}],"about":[{"href":"https:\/\/analvn.com\/index.php?rest_route=\/wp\/v2\/types\/product"}],"wp:featuredmedia":[{"embeddable":true,"href":"https:\/\/analvn.com\/index.php?rest_route=\/wp\/v2\/media\/984"}],"wp:attachment":[{"href":"https:\/\/analvn.com\/index.php?rest_route=%2Fwp%2Fv2%2Fmedia&parent=979"}],"wp:term":[{"taxonomy":"product_cat","embeddable":true,"href":"https:\/\/analvn.com\/index.php?rest_route=%2Fwp%2Fv2%2Fproduct_cat&post=979"},{"taxonomy":"product_tag","embeddable":true,"href":"https:\/\/analvn.com\/index.php?rest_route=%2Fwp%2Fv2%2Fproduct_tag&post=979"}],"curies":[{"name":"wp","href":"https:\/\/api.w.org\/{rel}","templated":true}]}}